se 0 = z*w - 13 + 3, 0 = -4*f - 5*w + 201. Suppose -f*j = -45*j + 28. What is the remainder when 111 is divided by j?
27
Let n = 26 - 30. Calculate the remainder when 77 is divided by (-39)/n + (-2)/(-8).
7
Let h = 65 - 65. What is the remainder when 46 is divided by (3 + h)*(-175)/(-21)?
21
Let q(o) = 7*o**2 + o + 7. What is the remainder when q(4) is divided by 26?
19
Suppose -7*l + 0*l = -147. Suppose 18*n - 664 = 452. Calculate the remainder when n is divided by l.
20
Let l(z) = -z**2 - 12*z - 4. Calculate the remainder when 105 is divided by l(-10).
9
Suppose -3*c + 53 = 38. Suppose 2*z - 34 = c*o, 4*o - 12 = 3*z - 7*z. What is the remainder when 12 is divided by z?
5
Let j(a) = -a**2 + 43*a + 64. What is the remainder when j(37) is divided by 9?
7
Suppose 3*s = -s + 208. Suppose -7*x + 14 = -6*x. What is the remainder when s is divided by x?
10
Suppose 350*d = 346*d + 32. Calculate the remainder when 103 is divided by d.
7
Suppose -5*n = -2*n - 96. Calculate the remainder when (n/(-12))/((-6)/45) is divided by 11.
9
Suppose -4*n - 262 = 3*a - 710, -3*a + 416 = -4*n. Let i = a + -38. What is the remainder when i is divided by 29?
19
Let d = -381 + 631. Calculate the remainder when d is divided by 53.
38
Let s be 4/(-16) + (-7)/4. Let p be 3 + (-4 - (1 - -2)). What is the remainder when 15 is divided by 1*(s + 6) - p?
7
Let q(p) = -9*p + 26. Suppose o - 4*u = u - 1, -4*o = 2*u + 48. What is the remainder when q(o) is divided by 32?
29
Suppose -144 = -30*b + 27*b. Let x = 1 + -3. What is the remainder when b is divided by x/(-2)*16 + 1?
14
Suppose 2*y - 6 = -y. Suppose -5*q + 100 = 4*d, d + 2*q + 12 = y*d. Suppose 443 - d = 9*x. What is the remainder when x is divided by 12?
11
Suppose 5*g = -2*r + 185, -3*r + 3*g + g = -266. Calculate the remainder when r is divided by 20.
10
Calculate the remainder when 2/(-8) - 505/(-4) is divided by (24/18)/(2/24).
14
Suppose 0 = 3*g - 7 - 23. Suppose i = -i + g. Suppose -58 = -i*x + 47. Calculate the remainder when 40 is divided by x.
19
Let r be (-151)/4 + 1/(-4). Let b = -12 - r. Calculate the remainder when b is divided by 1/3 - (-205)/15.
12
Let c be (-14 + 11)/(3/(-2)). Suppose -7*p = -c*p. Calculate the remainder when 21 is divided by (1 - p)*32/4.
5
Let v = -376 - -584. What is the remainder when v is divided by 14?
12
Let u(v) = 11*v + 10. Calculate the remainder when 52 is divided by u(0).
2
Let b = -2 + 3. Suppose 45 = 2*g + b. Suppose p = -p + g. What is the remainder when 30 is divided by p?
8
Suppose 2*d + d + 211 = -2*y, 3*y + 15 = 0. Let m = 115 + d. Calculate the remainder when 190 is divided by m.
46
Suppose 4*p = 2*p + 270. Suppose 4*l - 81 = p. What is the remainder when l is divided by 15?
9
Let j(h) = h. Let f be j(4). Let d(r) = r. Let v = 11 + -2. What is the remainder when v is divided by d(f)?
1
Let p(d) = 5*d**2 - 4*d + 1. Let i be p(3). Let h = -6 + 12. Suppose -h + 33 = 2*n + 3*t, 3*n - i = 2*t. Calculate the remainder when n is divided by 5.
2
Suppose -4*o + 8 + 4 = 0. Let d = -1 + 11. Suppose 0 = 5*u - 5*q - 25, -5*u + 5*q + d = -3*u. What is the remainder when u is divided by o?
2
Let i(m) = 6*m**3 + m**2 + m - 6. What is the remainder when i(2) is divided by 17?
14
Let r(c) be the first derivative of -1/3*c**3 + 6 + 0*c**2 + 30*c. Calculate the remainder when r(0) is divided by 8.
6
Suppose -2*q - 2*q + 32 = 0. What is the remainder when -46*(4/8 + -1) is divided by q?
7
Let l = 19 + -8. Let p = 35 - l. Suppose 83 + 337 = 6*n. What is the remainder when n is divided by p?
22
Let u = 53 - 26. Let v(x) = 3*x + 2. Let q be v(-4). Let w = u + q. Calculate the remainder when 65 is divided by w.
14
Suppose 47*i - 42*i = 130. Let c = -11 + 2. Let u = i + c. What is the remainder when 49 is divided by u?
15
Suppose -1 - 2 = -3*f. What is the remainder when 38 is divided by (f - -34)*(-4)/(-14)?
8
Suppose -3*n = -5*g - 25, 2 + 52 = 5*n + 4*g. Let l(k) = k**3 + 22*k**2 - k + 17. What is the remainder when l(-22) is divided by n?
9
Suppose -1320 = -309*l + 297*l. Calculate the remainder when l is divided by (0 - 6)*57/(-9).
34
Let x be (-5)/(-1)*(-4)/(-10). Suppose 0 = 2*w - x*f, -6*w + 2 = -w - 4*f. Let y = 12 - w. What is the remainder when y is divided by 6?
4
Suppose -2*s + 74 = 16. Suppose -2*c = c. Calculate the remainder when -2 - c - 38*-3 is divided by s.
25
Let z be (-78)/(-8) - (3/4 - 0). Suppose -2*v = 10, 4*b - 3*v = -2*v + 57. What is the remainder when b is divided by ((-8)/3)/(42/z + -5)?
5
Suppose 4*y - 23 - 21 = 0. Suppose 0 = -13*h + y*h. Suppose 0 = -h*w + 4*w - 120. What is the remainder when 119 is divided by w?
29
Let p = -940 - -1126. What is the remainder when p is divided by 16?
10
Let b(r) = r**2 - 2*r - 20. What is the remainder when 239 is divided by b(-8)?
59
Suppose 4*x = -5*f + 1, 6*x - x = -f - 4. Let d(v) = -19*v**3. Let b be d(x). Calculate the remainder when 72 is divided by (-6 - 0)*b/(-6).
15
Suppose -196 = 8*t - 700. Suppose -4*h = -2*s - 2*s - 60, 2*s = 5*h - t. Let v = 67 + -24. Calculate the remainder when v is divided by h.
10
Let f(g) = 2*g**3 - 3*g**2 - g - 2. What is the remainder when 134 is divided by f(4)?
60
Calculate the remainder when (-65)/(-26)*(-1752)/(-30) is divided by 7.
6
Let f = 306 + -250. What is the remainder when f is divided by 29?
27
Suppose 3*k = 4*k - 13. Suppose 2*r - k = y - r, -2*r + 2 = y. What is the remainder when 9 is divided by (12/(-10))/(y/10)?
0
Let g = 23 + -13. Let c = g + 37. Let f(p) = p**2 + 2*p - 8. Calculate the remainder when c is divided by f(-6).
15
Let c = -30 - -62. Let m = 64 + -62. Calculate the remainder when c is divided by ((-11)/m)/(1/(-2)).
10
What is the remainder when -4*((-43 - -3) + 2) is divided by 2?
0
Let n(q) = 7*q + 212. What is the remainder when 277 is divided by n(-29)?
7
Suppose 15*f - 3*z - 689 = 10*f, -f + 148 = -4*z. What is the remainder when f is divided by 24?
16
Suppose -3*k + 1 = -2*k. Let o be -1*(-3 - (-2 + 4)). Suppose -o*s + 26 = k. What is the remainder when s is divided by 3?
2
Suppose -3*h + 2*c = -350, 0*h + 326 = 3*h + 4*c. What is the remainder when h is divided by 23?
22
Suppose 2*g + 12 + 84 = 4*w, -2*w + 32 = 3*g. Calculate the remainder when 242 is divided by w.
0
Suppose -3*r + 5*r = -10. Let z = 26 + r. Suppose -3*d = -9*d + 486. What is the remainder when d is divided by z?
18
Let h(c) = -2*c**3 + 52*c - 4. Calculate the remainder when 83 is divided by h(5).
5
Let y = -29 + 18. Let b = 15 + y. Suppose -b*h = -3*u - 7*h + 96, 0 = 4*u - 4*h - 128. Calculate the remainder when 62 is divided by u.
30
Suppose -49*q - 31*q + 99*q = 988. Let t(h) = 3*h**2 + 2*h - 3. Calculate the remainder when t(8) is divided by q.
49
Let n(w) = 3*w**2 + 10*w - 54. Calculate the remainder when 109 is divided by n(-8).
51
Suppose 29 + 7 = r - 5*k, -93 = -2*r + 3*k. Suppose 0*i = -2*i. Suppose 3*p + 3 - 42 = i. What is the remainder when r is divided by p?
12
Let b = -57 - -82. Calculate the remainder when 67 is divided by b.
17
Let z = -67 - -94. What is the remainder when 84/1 - (12 + -8) is divided by z?
26
Let a = 61 + -67. Let q(m) = 2*m**2 + 12*m + 12. What is the remainder when 57 is divided by q(a)?
9
Calculate the remainder when 60 - 4*(-12)/8 is divided by 18.
12
Let t(z) = 2*z**3 + 9*z**2 + 11*z + 3. Let x be t(-6). Let p = -147 - x. What is the remainder when p is divided by 4?
0
Let i(k) = 3*k**3 - 14*k**2 - 5*k + 6. Calculate the remainder when 29 is divided by i(5).
5
Let s(h) = 22*h**2 + 3*h - 2. Let w be 7 - 3 - 1*3. What is the remainder when s(w) is divided by ((-12)/7)/(14/(-98))?
11
Suppose u = -u + 92. Let i(z) = -7*z - z**2 + z**2 + 12 + z**2 - 18. Calculate the remainder when u is divided by i(10).
22
Let r(w) = 60*w + 404. Calculate the remainder when 94 is divided by r(-6).
6
Let u(d) = 16*d - 1 - 2 - 1. Let p be u(5). Let i = -46 + p. Calculate the remainder when 88 is divided by i.
28
Let q = 22 + -13. Let j(y) = -6 - 7*y + 1 + 6 + 8 + y**2. Calculate the remainder when j(q) is divided by 10.
7
Let t be -7 + 12 + (0 - 0). Suppose 4*g - 2 - 61 = -t*w, -g + 18 = -w. What is the remainder when 31 is divided by g?
14
Let m = 0 - -3. Suppose -y + 3 = -m. Suppose 2*l - 52 = -2*u, y*u - 5*u - 74 = -3*l. What is the remainder when l is divided by 1